is the greatest common factor of 1378 and 318084?
26
What is the highest common factor of 58298 and 37698?
206
What is the highest common factor of 82 and 29866778?
82
What is the highest common divisor of 1926264 and 4482?
498
What is the greatest common factor of 16170563 and 8935?
1787
What is the greatest common factor of 64114848 and 3600?
144
Calculate the highest common divisor of 17204 and 45993772.
748
What is the greatest common factor of 472025 and 84925?
1975
What is the highest common divisor of 412 and 104619469?
103
What is the greatest common factor of 1852128 and 84016?
944
What is the highest common divisor of 3639696 and 264?
24
Calculate the highest common divisor of 12801 and 573224513.
4267
What is the greatest common factor of 8622488 and 119?
7
What is the highest common factor of 523737 and 387?
9
Calculate the greatest common divisor of 14643302 and 5283.
587
What is the highest common divisor of 374605 and 4312?
539
What is the greatest common factor of 78762 and 1380?
6
What is the highest common factor of 4024716 and 153?
51
What is the highest common factor of 451817 and 20839?
229
What is the greatest common divisor of 7527 and 16949646?
579
Calculate the greatest common factor of 262 and 163745546.
262
Calculate the greatest common divisor of 2 and 11478344.
2
What is the greatest common factor of 4001 and 13099274?
4001
What is the highest common divisor of 25 and 59764400?
25
Calculate the highest common factor of 2209 and 3036717.
47
What is the greatest common factor of 2075045 and 86254?
707
Calculate the highest common factor of 1946 and 1381728110.
1946
What is the greatest common divisor of 416371 and 466?
233
Calculate the greatest common divisor of 6 and 38770113.
3
Calculate the greatest common divisor of 6880 and 6651360.
160
Calculate the highest common divisor of 1608270 and 930.
30
What is the greatest common divisor of 291 and 1151099?
97
Calculate the highest common divisor of 294868 and 66794.
14
Calculate the highest common factor of 93620 and 3845240.
620
Calculate the highest common divisor of 2535291 and 1089.
99
What is the highest common factor of 97069 and 637294?
343
What is the highest common factor of 44816540 and 20?
20
What is the greatest common factor of 3497903886 and 9564?
4782
Calculate the highest common divisor of 82 and 439.
1
Calculate the highest common divisor of 4437195 and 20433.
147
What is the greatest common factor of 22258 and 299987?
31
What is the highest common divisor of 441 and 184028320?
49
What is the highest common factor of 28408938 and 88842?
6834
What is the highest common divisor of 3590592 and 528?
48
Calculate the greatest common divisor of 166 and 1668676654.
166
Calculate the greatest common divisor of 256669 and 38591.
259
What is the highest common divisor of 1880 and 883271?
47
What is the highest common divisor of 6253 and 10724857?
481
What is the greatest common divisor of 174990719 and 1654?
827
What is the highest common divisor of 1 and 605716?
1
Calculate the greatest common factor of 1217 and 568339.
1217
Calculate the highest common factor of 1450600 and 200.
200
What is the greatest common divisor of 956756 and 2597?
53
What is the highest common factor of 1392071 and 905?
181
What is the greatest common factor of 116600 and 6210600?
2200
What is the greatest common factor of 678 and 97075023?
339
What is the greatest common factor of 40 and 125978890?
10
Calculate the greatest common factor of 62930 and 3959196.
1798
What is the greatest common divisor of 338472548 and 410?
82
What is the highest common factor of 1071 and 3150513576?
1071
Calculate the greatest common factor of 67972125 and 37011.
2847
What is the highest common divisor of 104 and 2493179?
13
What is the greatest common factor of 1223253 and 30447?
1791
Calculate the highest common divisor of 1036 and 2627492.
28
What is the greatest common divisor of 2691899 and 357?
119
Calculate the greatest common divisor of 20920445 and 130.
65
What is the greatest common divisor of 4 and 558278?
2
Calculate the highest common factor of 1990981852 and 292.
292
Calculate the greatest common divisor of 2218268 and 234.
26
What is the greatest common factor of 205687877 and 43?
43
Calculate the greatest common divisor of 760 and 1372160.
40
What is the greatest common factor of 2835972 and 6156?
324
Calculate the highest common factor of 5482 and 67897311.
2741
Calculate the highest common divisor of 3467778 and 258.
258
Calculate the greatest common divisor of 236654 and 4078019.
341
What is the greatest common factor of 3747672 and 180?
36
What is the highest common divisor of 1534 and 24112356?
118
What is the greatest common divisor of 3438932 and 1036?
28
What is the highest common divisor of 2619765 and 63900?
45
What is the highest common factor of 4427 and 95779?
19
Calculate the highest common divisor of 15204 and 32634.
42
What is the highest common divisor of 4033998 and 204?
102
What is the greatest common factor of 2463965 and 19012?
49
What is the highest common factor of 182 and 271766768?
182
Calculate the greatest common divisor of 595 and 29747025.
595
Calculate the greatest common divisor of 20115 and 68137551.
4023
Calculate the highest common divisor of 30779 and 742.
7
What is the highest common factor of 1816412 and 3380?
676
Calculate the greatest common factor of 151734 and 126594072.
7986
Calculate the greatest common factor of 70 and 298482310.
70
Calculate the greatest common factor of 10699096 and 670.
134
Calculate the highest common factor of 49995 and 681285.
165
Calculate the greatest common factor of 64576 and 136064.
64
Calculate the highest common divisor of 26359283 and 101.
101
Calculate the highest common factor of 26 and 201518993.
13
What is the greatest common divisor of 3 and 10080477?
3
Calculate the greatest common factor of 642 and 3824180.
214
Calculate the greatest common factor of 16319784 and 4446.
1482
What is the highest common divisor of 1571850344 and 232?
232
Calculate the greatest common divisor of 4232 and 4271146.
1058
What is the highest common factor of 31866345 and 70?
35
Calculate the greatest common factor of 3040461 and 2295.
9
Calculate the highest common divisor of 900383 and 44.
11
What is the greatest common factor of 45344 and 1907064?
872
Calculate the greatest common factor of 12326505 and 29325.
345
Calculate the greatest common divisor of 42421 and 30208.
59
Calculate the highest common factor of 59483814 and 87.
87
What is the greatest common divisor of 41699 and 8533?
161
What is the highest common factor of 2091 and 125484395?
697
Calculate the highest common factor of 117 and 4505922.
9
What is the highest common divisor of 6273 and 464496831?
6273
What is the highest common divisor of 397012 and 7893836?
5156
Calculate the greatest common factor of 11031505 and 2480.
155
Calculate the greatest common divisor of 162540558 and 162.
18
What is the highest common factor of 398659800 and 140?
140
What is the greatest common factor of 10849 and 89737?
19
What is the greatest common factor of 21976892 and 8308?
124
What is the highest common factor of 256869290 and 134?
134
What is the highest common divisor of 51226992 and 54?
54
What is the greatest common factor of 41500 and 436250?
250
Calculate the greatest common factor of 4187589 and 97783.
427
Calculate the greatest common factor of 63756552 and 6992.
3496
Calculate the highest common factor of 243 and 9634383.
81
What is the highest common factor of 203928045 and 15?
15
What is the highest common factor of 448 and 28882826?
14
What is the highest common factor of 280575 and 2625?
75
Calculate the highest common factor of 2299 and 2711.
1
Calculate the highest common factor of 1589679 and 14833.
91
What is the greatest common factor of 8730861 and 3384?
141
What is the greatest common factor of 424 and 786584?
8
What is the highest common factor of 313400 and 26?
2
Calculate the highest common divisor of 1387 and 1481097.
73
Calculate the highest common divisor of 2473649 and 13031.
83
What is the highest common divisor of 40514021 and 691?
691
Calculate the greatest common factor of 20210 and 51579210.
470
What is the greatest common factor of 126 and